What is the units digit of 1068275?
5
What is the units digit of 2548701?
1
What is the hundreds digit of 66638?
6
What is the ten thousands digit of 10553428?
5
What is the units digit of 289621?
1
What is the thousands digit of 40696236?
6
What is the tens digit of 676567?
6
What is the hundreds digit of 13976131?
1
What is the ten thousands digit of 4471717?
7
What is the units digit of 2199805?
5
What is the hundred thousands digit of 383492?
3
What is the units digit of 1783123?
3
What is the hundreds digit of 13972706?
7
What is the hundreds digit of 12867026?
0
What is the tens digit of 1712943?
4
What is the hundred thousands digit of 1840281?
8
What is the millions digit of 2062932?
2
What is the ten thousands digit of 621096?
2
What is the ten thousands digit of 620401?
2
What is the units digit of 32439088?
8
What is the ten thousands digit of 23431954?
3
What is the thousands digit of 118176?
8
What is the units digit of 26181206?
6
What is the millions digit of 9140359?
9
What is the tens digit of 528025?
2
What is the units digit of 1139570?
0
What is the tens digit of 590546?
4
What is the ten thousands digit of 287070?
8
What is the units digit of 2544341?
1
What is the ten thousands digit of 228667?
2
What is the hundred thousands digit of 1971483?
9
What is the thousands digit of 2073128?
3
What is the thousands digit of 57164?
7
What is the tens digit of 472230?
3
What is the hundred thousands digit of 7842487?
8
What is the ten thousands digit of 9615621?
1
What is the thousands digit of 26449?
6
What is the ten thousands digit of 31437107?
3
What is the thousands digit of 13057758?
7
What is the hundred thousands digit of 107929?
1
What is the tens digit of 5191115?
1
What is the hundreds digit of 411629?
6
What is the hundreds digit of 19457269?
2
What is the thousands digit of 19730623?
0
What is the units digit of 711316?
6
What is the hundred thousands digit of 6105629?
1
What is the units digit of 1305907?
7
What is the ten millions digit of 25179868?
2
What is the thousands digit of 2467771?
7
What is the thousands digit of 3109471?
9
What is the hundreds digit of 56088?
0
What is the tens digit of 148985?
8
What is the ten thousands digit of 848838?
4
What is the millions digit of 1301044?
1
What is the tens digit of 147868?
6
What is the hundreds digit of 957152?
1
What is the units digit of 839033?
3
What is the hundred thousands digit of 311459?
3
What is the tens digit of 1527246?
4
What is the hundred thousands digit of 10368734?
3
What is the hundred thousands digit of 209608?
2
What is the ten thousands digit of 942309?
4
What is the thousands digit of 1420419?
0
What is the units digit of 7245635?
5
What is the thousands digit of 260460?
0
What is the units digit of 1843141?
1
What is the ten thousands digit of 734165?
3
What is the hundred thousands digit of 276750?
2
What is the hundred thousands digit of 17043992?
0
What is the thousands digit of 1222514?
2
What is the hundred thousands digit of 4232693?
2
What is the ten thousands digit of 918827?
1
What is the units digit of 71873?
3
What is the thousands digit of 437261?
7
What is the thousands digit of 980849?
0
What is the hundred thousands digit of 987580?
9
What is the thousands digit of 235734?
5
What is the hundreds digit of 103825?
8
What is the thousands digit of 5309551?
9
What is the ten thousands digit of 321766?
2
What is the thousands digit of 260341?
0
What is the thousands digit of 657927?
7
What is the hundreds digit of 9986471?
4
What is the hundreds digit of 12239260?
2
What is the units digit of 3905804?
4
What is the tens digit of 2536338?
3
What is the tens digit of 3894174?
7
What is the hundreds digit of 4118725?
7
What is the hundreds digit of 18673805?
8
What is the ten thousands digit of 1085151?
8
What is the tens digit of 167901?
0
What is the tens digit of 68428?
2
What is the units digit of 408282?
2
What is the tens digit of 1568502?
0
What is the hundred thousands digit of 516196?
5
What is the hundreds digit of 9934682?
6
What is the units digit of 22968587?
7
What is the millions digit of 24729740?
4
What is the units digit of 754490?
0
What is the thousands digit of 367827?
7
What is the millions digit of 1096844?
1
What is the ten thousands digit of 14946344?
4
What is the hundreds digit of 33440186?
1
What is the thousands digit of 10747?
0
What is the hundreds digit of 555607?
6
What is the tens digit of 75904?
0
What is the thousands digit of 1036675?
6
What is the hundred thousands digit of 7977995?
9
What is the tens digit of 8480297?
9
What is the units digit of 263422?
2
What is the ten millions digit of 14757791?
1
What is the hundreds digit of 1325095?
0
What is the hundreds digit of 540108?
1
What is the millions digit of 11515234?
1
What is the ten thousands digit of 859467?
5
What is the ten thousands digit of 118325?
1
What is the tens digit of 3500318?
1
What is the hundreds digit of 226831?
8
What is the units digit of 1339253?
3
What is the hundred thousands digit of 629836?
6
What is the thousands digit of 8469664?
9
What is the hundreds digit of 97405?
4
What is the thousands digit of 1326047?
6
What is the units digit of 494235?
5
What is the hundred thousands digit of 324127?
3
What is the tens digit of 8481630?
3
What is the tens digit of 11836829?
2
What is the ten thousands digit of 204940?
0
What is the ten thousands digit of 880915?
8
What is the tens digit of 2869726?
2
What is the ten thousands digit of 390345?
9
What is the units digit of 735505?
5
What is the units digit of 187803?
3
What is the millions digit of 5426814?
5
What is the hundred thousands digit of 350407?
3
What is the hundreds digit of 1575477?
4
What is the hundreds digit of 704000?
0
What is the thousands digit of 493636?
3
What is the hundred thousands digit of 248938?
2
What is the units digit of 2306711?
1
What is the ten thousands digit of 438195?
3
What is the millions digit of 6442382?
6
What is the hundreds digit of 227651?
6
What is the thousands digit of 1236922?
6
What is the tens digit of 12917853?
5
What is the tens digit of 462409?
0
What is the hundreds digit of 714613?
6
What is the tens digit of 1609978?
7
What is the millions digit of 6576807?
6
What is the thousands digit of 921951?
1
What is the tens digit of 20279577?
7
What is the tens digit of 4510379?
7
What is the tens digit of 416312?
1
What is the thousands digit of 22897108?
7
What is the ten thousands digit of 124427?
2
What is the hundred thousands digit of 15047515?
0
What is the ten thousands digit of 549067?
4
What is the units digit of 399088?
8
What is the units digit of 131703?
3
What is the tens digit of 300715?
1
What is the hundred thousands digit of 614893?
6
What is the thousands digit of 2073116?
3
What is the thousands digit of 695202?
5
What is the tens digit of 10262655?
5
What is the thousands digit of 159188?
9
What is the units digit of 11727093?
3
What is the thousands digit of 597814?
7
What is the units digit of 9699164?
4
What is the hundred thousands digit of 310498?
3
What is the tens digit of 27492714?
1
What is the ten thousands digit of 36324?
3
What is the hundreds digit of 405155?
1
What is the ten thousands digit of 225497?
2
What is the thousands digit of 30251978?
1
What is the hundred thousands digit of 157529?
1
What is the tens digit of 1006187?
8
What is the hundreds digit of 1296581?
5
What is the tens digit of 307164?
6
What is the hundreds digit of 621645?
6
What is the millions digit of 22876460?
2
What is the hundred thousands digit of 1024776?
0
What is the ten thousands digit of 14748840?
4
What is the units digit of 6825432?
2
What is the tens digit of 877354?
5
What is the hundreds digit of 2497784?
7
What is the hundred thousands digit of 208986?
2
What is the hundreds digit of 5163836?
8
What is the hundreds digit of 16563226?
2
What is the millions digit of 6006421?
6
What is the hundred thousands digit of 4968408?
9
What is the units digit of 296381?
1
What is the millions digit of 6893901?
6
What is the thousands digit of 4481127?
1
What is the hundreds digit of 156802?
8
What is the units digit of 634814?
4
What is the millions digit of 2011419?
2
What is the units digit of 1017997?
7
Wh